{"id":109441,"date":"2017-10-26T13:37:45","date_gmt":"2017-10-26T11:37:45","guid":{"rendered":"https:\/\/www.carlofrancio.net\/?page_id=109441"},"modified":"2017-10-26T13:37:45","modified_gmt":"2017-10-26T11:37:45","slug":"ce-una-messina-nascosta-che-annovera-tesori-culturali-umani-e-sociali-lo-sforzo-di-questo-blog-e-quello-di-farla-conoscere-non-a-quelli-disincantati-che-hanno-una-risposta-ad-ogni-perche-ma","status":"publish","type":"page","link":"https:\/\/www.carlofrancio.net\/?page_id=109441","title":{"rendered":"\u00abC&#8217;\u00e8 una Messina nascosta che annovera tesori culturali umani e sociali. Lo sforzo di questo BLOG \u00e8 quello di farla conoscere, non a quelli disincantati, che hanno una risposta ad ogni perch\u00e8, ma a quelli che si mettono in discussione, e che oltre a fare la loro parte nella vita normale di lavoro, si impegnano per missioni sociali e culturali.\u00bb"},"content":{"rendered":"","protected":false},"excerpt":{"rendered":"","protected":false},"author":1,"featured_media":0,"parent":0,"menu_order":0,"comment_status":"closed","ping_status":"closed","template":"","meta":{"footnotes":""},"class_list":["post-109441","page","type-page","status-publish","hentry"],"_links":{"self":[{"href":"https:\/\/www.carlofrancio.net\/index.php?rest_route=\/wp\/v2\/pages\/109441","targetHints":{"allow":["GET"]}}],"collection":[{"href":"https:\/\/www.carlofrancio.net\/index.php?rest_route=\/wp\/v2\/pages"}],"about":[{"href":"https:\/\/www.carlofrancio.net\/index.php?rest_route=\/wp\/v2\/types\/page"}],"author":[{"embeddable":true,"href":"https:\/\/www.carlofrancio.net\/index.php?rest_route=\/wp\/v2\/users\/1"}],"replies":[{"embeddable":true,"href":"https:\/\/www.carlofrancio.net\/index.php?rest_route=%2Fwp%2Fv2%2Fcomments&post=109441"}],"version-history":[{"count":1,"href":"https:\/\/www.carlofrancio.net\/index.php?rest_route=\/wp\/v2\/pages\/109441\/revisions"}],"predecessor-version":[{"id":109443,"href":"https:\/\/www.carlofrancio.net\/index.php?rest_route=\/wp\/v2\/pages\/109441\/revisions\/109443"}],"wp:attachment":[{"href":"https:\/\/www.carlofrancio.net\/index.php?rest_route=%2Fwp%2Fv2%2Fmedia&parent=109441"}],"curies":[{"name":"wp","href":"https:\/\/api.w.org\/{rel}","templated":true}]}}